ivative of 4*k + 0 + 1/6*k**3 + 3*k**2. What is m(-5)?
1
Let p = -2 - -2. Suppose -3*x = -p*x. Let u(i) = -i + 5. What is u(x)?
5
Let v(m) = 6*m + 6. Let r(s) = 7*s + 7. Let b(u) = 5*r(u) - 6*v(u). Let p be 1 + (-14)/(2 + 0). Calculate b(p).
5
Let u(r) = r**3 - 7*r**2 + r - 7. Let m be u(7). Let z(i) = -i**3 + i**2 + 3. Determine z(m).
3
Let y(d) = -d + 1. Let n be ((-3)/6*0)/2. Let q be y(n). Let h(g) = 9*g + 1. Let l(o) = 26*o + 3. Let s(v) = -8*h(v) + 3*l(v). Calculate s(q).
7
Suppose -12 = 2*l - 6*l. Let f(w) = 6*w - 2. Let y(g) = 7*g - 1. Let r(j) = -6*f(j) + 5*y(j). What is r(l)?
4
Let m = 2 - 2. Suppose -a + m*a = 0. Let i(x) be the second derivative of -x**4/12 - x**3/6 + 3*x**2 + x. Give i(a).
6
Let z(p) = 6*p**3 + p**2 + p - 12 - 6 - 4*p**3 - 3*p**3. What is z(0)?
-18
Let i(s) be the third derivative of 0 + 1/60*s**5 + 1/24*s**4 - 1/2*s**3 - 3*s**2 + 0*s. Suppose 5*q = 4*q. Calculate i(q).
-3
Suppose 20 = 4*c - 2*o, 5*o = c - 4*c + 2. Let q be c + 1 - (-1 - 0). Let j(k) = -k**3 + 6*k**2 - 4. Give j(q).
-4
Let z(d) be the second derivative of -d**3/6 - 3*d**2/2 - 2*d. Let h be -1 - (-2 + (-3 - -5)). Let x = h - -5. What is z(x)?
-7
Let m(k) be the second derivative of -k**4/12 - k**3/6 + 2*k**2 - 48*k. Calculate m(3).
-8
Let z(v) = v**2 - 11*v - 5. Let t be z(11). Let i(r) = r - 4. Give i(t).
-9
Let s(k) = -2*k**3 + 5*k**2 - 5*k + 2. Let t(g) = 2*g**3 - 4*g**2 + 3*g - 2. Let w(o) = -3*s(o) - 4*t(o). Let m be (-3)/(-12) - 18/8. What is w(m)?
16
Let s = 36 - 34. Let r(m) be the first derivative of m**s - 1 + 4*m - 1/3*m**3. What is r(5)?
-11
Let l be 172/12 - (-4)/6. Suppose -5 = -5*p + l. Let u(w) = -w**3 + 5*w**2 - 2*w - 5. Give u(p).
3
Let h(l) be the third derivative of l**6/30 - 2*l**2. Let b be (-3 - 0) + 6/3. Calculate h(b).
-4
Let j(b) = -6 - 2*b - 3*b + 4*b. Suppose -7 + 61 = -3*v. Let c be (3/(-3))/((-3)/v). Calculate j(c).
0
Let b be 1/(1*(-1)/(-5)). Let z(k) be the third derivative of k**6/120 - k**5/10 + k**4/6 - k**3/3 + 14*k**2. Determine z(b).
-7
Let q(o) = o**3 - 3*o**2 + 2*o - 3. Let s(j) = -3*j**3 - j**2. Let a be s(-1). Give q(a).
-3
Let o(p) = -p + 7. Let y = -23 + 13. Let q = -4 - y. Give o(q).
1
Let k(u) = -3*u**2 + 6*u + 3. Let m(a) = -4*a**2 + 7*a + 3. Let j(q) = 3*k(q) - 2*m(q). What is j(4)?
3
Let z(m) = m**3 - 5*m**2 + 2*m + 5. Let o(w) = 3*w + 12. Let t be o(-7). Let k be (-33)/t + 2/6. Determine z(k).
-3
Suppose l + 3*c = -16, -7*l + 12 = -4*l - 3*c. Let m be 8/10*(l - 4). Let y(f) be the third derivative of -f**4/12 - f**3/3 - 2*f**2. What is y(m)?
6
Let v(u) = -u**2 + 7*u - 4. Let f be v(7). Let s(h) = 4 + 6*h + 0 - h**2 + 2*h**2. Determine s(f).
-4
Let i(m) = m**3 + 5*m**2 + m + 2. Let b be i(-5). Let y(f) = f**3 + 3*f**2 - f. Give y(b).
3
Let d = 17 + -17. Suppose 2*k - 12 = -d*k + 4*g, -g - 4 = 0. Let t(o) = -o**3 - 4*o**2 - 3*o - 3. Give t(k).
-5
Let v(t) = -2 - 3*t**2 - t**2 - 5*t + 3*t**2. Let q be ((-96)/(-56))/((-4)/14). Give v(q).
-8
Suppose 0*r = 4*r - 8. Suppose 3*b - 11 = 5*u, 0*b = 3*b - 4*u - 10. Let y(m) = 3*m - m + m**3 + b*m**2 - 5*m**2. Calculate y(r).
0
Let n(r) = 3*r + r**2 + 2*r**2 + 3 - r**3 + 0*r**3. Let b = 146 - 142. What is n(b)?
-1
Suppose 75 = 16*r - r. Let t(v) = -2*v**3 - 3*v**2 + 6*v - 2. Let f(n) = 5*n**3 + 10*n**2 - 18*n + 5. Let o(b) = 3*f(b) + 8*t(b). Calculate o(r).
-6
Let k(q) = q**3 + 4*q**2 + 3*q - 2. Let g = -11 + 18. Suppose 0 = -5*t - 8 - g. What is k(t)?
-2
Let s(f) = 2*f - 8. Let b(w) = -w**2 + 6*w + 6. Suppose 0*y = 2*y - 12. Let z be b(y). Determine s(z).
4
Suppose 0 = -5*c - 10 + 25. Let j(f) = 6*f - 2. Determine j(c).
16
Let a(f) = -f**3 - 6*f**2 - f - 2. Let n(i) = i**3 + 4*i**2 + i - 2. Suppose 1 - 5 = h. Let c be n(h). Give a(c).
4
Let z = -10 + 7. Let m(n) = n**3 + 3*n**2 - 4. Give m(z).
-4
Let t(h) = -2*h**3 - 1. Suppose 5 = u + 3*a - 4*a, 15 = 4*u - 3*a. Suppose 0 = -g - u*g + 5. Let f = -4 + g. What is t(f)?
-3
Suppose -2*z + 4*z = 0. Let v(i) be the second derivative of 0 - 1/6*i**3 - i**2 + 3*i. Give v(z).
-2
Let s = -5 - -2. Let y(t) = 2*t. Give y(s).
-6
Suppose 2*q = 7*q. Let m = q - 1. Let y(p) = 2*p**3 - p**2. What is y(m)?
-3
Let r(p) be the second derivative of -p**4/4 + p**2/2 - p. Let f = 10 + -11. Calculate r(f).
-2
Let w = -32 + 29. Let f(c) = -c**2 - 2*c + 1. Determine f(w).
-2
Let z(n) = -n**3 + 4*n**2 + 7*n - 6. Let p(q) = 0*q + q + 0*q + 6. Let m be p(-4). Suppose m*x + 25 = 3*a - 0*x, -5*x - 40 = -3*a. Give z(a).
4
Let n be (-22)/18 + 4/18. Let t(d) be the first derivative of -d**3/3 - d**2/2 - d + 13. Determine t(n).
-1
Let d(a) = a. Let j(o) = -o**2 - 3*o. Let i(w) = d(w) + j(w). Let q = -6 - -4. Calculate i(q).
0
Suppose 6 = -5*h + 21. Let p(c) = -7*c**h + 7*c**3 - c**2 - c**3 + 1. Let s = -1 + 2. Calculate p(s).
-1
Let g be 9/(-2)*4/(-3). Let l(k) = -2*k + g*k - 2 - 5*k. Give l(-4).
2
Let l(i) be the second derivative of i**4/12 + i**3/2 - 7*i**2/2 + 8*i. Give l(-6).
11
Let g(a) = -a**2 - 4*a - 1. Suppose -2*j + 0*j + 70 = 0. Suppose -4*c = -p - j, -6*p + 4*p - 98 = -c. Let l be p/12 - 3/(-12). Determine g(l).
-1
Let b(r) = r + 3. Let k(l) = -8*l + 6. Let m be k(2). Determine b(m).
-7
Let u(t) = -t + 11. Let y(f) = f**2 + 8*f - 9. Let m be y(-9). Suppose 2*s + 2*s - 4*w - 24 = 0, -5*w = m. Calculate u(s).
5
Let t(k) be the third derivative of -k**9/60480 + k**8/5040 + k**7/2520 + k**6/180 - k**5/15 + 5*k**2. Let n(u) be the third derivative of t(u). Calculate n(4).
12
Suppose 3*l = i + 6, -2*l - l - i = 0. Let u(h) = -2*h**3 - h**2 + h. Calculate u(l).
-2
Suppose 3*i - 4*p + 0 - 10 = 0, -2*i + 5 = -p. Let y(r) = -2*r**2 + 5*r. Let j(v) = v**3 + 5*v**2 - 16*v. Let s(o) = -2*j(o) - 7*y(o). Give s(i).
-6
Let y(x) = -2*x - x + 7 + 6*x - 2*x. What is y(-6)?
1
Let u(m) be the third derivative of m**5/60 - 3*m**4/8 + 4*m**3/3 - 4*m**2. Determine u(8).
0
Let d(f) be the first derivative of -f**2/2 + 9*f + 3. Let l be d(9). Let b(y) = y**2 - 18. Determine b(l).
-18
Suppose 3*a + 5*h - 16 = 0, -4*a - 5*h + 4 = -7*a. Let n(y) = 2*y**a - y**3 + 2*y - 5*y + 3*y**2 - 3. What is n(3)?
6
Let u(w) be the second derivative of w**4/4 - w**3/3 - w**2/2 + w. Suppose 10*r + 80 = 8*r. Let b be r/(-15)*(-3)/(-4). What is u(b)?
7
Let k(z) = -z + 4. Let o be k(7). Let t = o - -5. Let u(b) = -1 - 3*b + 7*b - t*b + 0*b. Determine u(4).
7
Let m be 6/(-15) - (-24)/10. Let p(v) = 4*v**2 + 0*v**2 - 1 - 3*v**2. Determine p(m).
3
Let b(w) = w**3 + 3*w**2 + 4. Let a(t) = t + 8. Let p be a(-4). Let f be (p/((-8)/(-6)))/(-1). Calculate b(f).
4
Let f(i) be the second derivative of -i**5/20 - 5*i**4/12 + i**3/3 + 3*i**2/2 - 20*i. Give f(-5).
-7
Let v(o) = 0 - 4 - o**2 + 0 - 7*o. Let h be v(-6). Let x(q) = -q + 4. Let r(g) = -g + 9. Let s(f) = -2*r(f) + 5*x(f). Give s(h).
-4
Suppose 0 = -w - 3*w - 8. Let q(i) be the third derivative of -i**5/60 - i**4/8 - i**3/3 + 2*i**2. Give q(w).
0
Let x(o) be the second derivative of -3*o**3/2 + o**2/2 + 7*o. Give x(-1).
10
Suppose p = -4*g + 3*g + 9, 4*g + 4 = 4*p. Let n(o) = o**2 + 5 + g*o - 4*o - o. Suppose -2*a + 9 = -r - 5*a, -4*a - 12 = -2*r. Calculate n(r).
5
Let t(q) = 14*q + 2*q**2 - 5*q - 3*q - 4*q. Give t(-2).
4
Let p(j) = 5*j**2 - j**3 + j**2 + 3 - 2*j**2 - 2*j. Suppose 4*r + 4 = 12. Give p(r).
7
Let j(z) = -2*z + 4. Suppose -2*y = -3*y - 5. Let x(g) = -g + 2. Let c(m) = y*x(m) + 2*j(m). Let i = -10 + 15. What is c(i)?
3
Suppose x - 10 = 3*u, 2*x - x + u + 2 = 0. Let k = x + -5. Let m(o) = -o**3 - 4*o**2 - o + 1. What is m(k)?
5
Suppose 0 = 5*w - g + 24, 4*g - 21 = 2*w + 3*w. Let q(x) = 2*x + 2 + 5 + 6*x + x**2. Determine q(w).
-8
Let q(j) = -j - 1. Let b(d) = -6*d**3 - 1. Let i(x) = b(x) - q(x). Determine i(1).
-5
Let d(a) be the first derivative of 0*a + 1/2*a**2 - 1 + 1/24*a**4 + 1/3*a**3. Let c(y) be the second derivative of d(y). What is c(-2)?
0
Let k = 1 + -3. Let s = 3 - 3. Let b(f) = -f - 2*f**2 - 4*f**3 + s*f**3 + 3*f**3. Determine b(k).
2
Let x = -23 + 32. Suppose -2*z + z = -5*s - x, 3*z - 10 = -2*s. Let l(f) = f - 1. Determine l(z).
3
Let h(o) be the third derivative of o**8/1260 + o**6/720 - o**5/10 - 6*o**2. Let d(z) be the third derivative of h(z). Calculate d(-1).
17
Let y(i) be the second derivative of i**3/6 - i**2/2 - 5*i. Calculate y(-7).
-8
Let q(j) = -2*j - 3*j + 4*j. Suppose 11*d = 13*d. What